+ 4*u + 67788. Is o a prime number?
False
Let s(r) = 4*r - 4. Let t be s(3). Suppose -t*c - 140 = -12*c. Let j = 298 - c. Is j prime?
True
Let j(y) be the third derivative of 29*y**5/30 - 19*y**4/24 + 41*y**3/6 + 38*y**2. Is j(-16) composite?
False
Let u(x) = -4*x**3 - 3*x**2 - 2*x + 2. Let l be u(-1). Suppose 5*a = 2*k + 3*a - 7526, -l*a = 3*k - 11289. Is k a composite number?
True
Let o be 81/(-72) + (-1)/(-8) + 3. Suppose 4*s = -8, 0 = 2*r - o*s - 1951 - 791. Is r prime?
False
Suppose 0 = -3*g + 12, d - 5*d = -5*g + 12. Suppose 2917 = 9*w - 4*w - c, c = -d. Is w composite?
True
Suppose 0 - 1 = t, 0 = -2*h + 3*t + 13. Is (1 - (2 + 0))/(h/(-1655)) composite?
False
Suppose -l - 4*n = -1016371, 628036 = 2*l + 2*n - 1404742. Is l a composite number?
True
Let o = 200024 + 82437. Is o prime?
True
Let l(w) = -357*w - 10. Let q(v) = 358*v + 11. Let p(d) = -2*l(d) - 3*q(d). Is p(-29) composite?
False
Let i = 612450 - 314917. Is i a composite number?
False
Suppose -477*i + 2*z = -478*i + 12045, -2*z + 24100 = 2*i. Is i a composite number?
True
Let s = -8842 - -27135. Let d = -11934 + s. Suppose 0 = k + 5*l - d, l = -5*k + 14119 + 17628. Is k a prime number?
False
Let k = 65397 + -39964. Is k composite?
True
Suppose m + 539 = -1451. Let h = -783 - m. Is h prime?
False
Let q be (((-1)/4)/(-1))/((-1)/(-20)). Suppose -17725 = -q*v + 10120. Is v composite?
False
Let r be (-3144)/8*3/(-27)*3. Suppose -2*d + 1624 = -6*d. Let t = r - d. Is t composite?
True
Let n = 515707 + -227110. Is n a composite number?
True
Let a = 232 + -225. Suppose -38000 + 7711 = -a*g. Is g composite?
False
Suppose -26*g - 10738092 + 31375422 + 10165832 = 0. Is g a composite number?
True
Suppose 3*q - 13*x + 16*x + 72963 = 0, -3*q + x - 72947 = 0. Is q/(-1 - (-7 + 7)) prime?
True
Suppose 2*a + 3*d - 8 = d, 4 = a + 5*d. Suppose 37*f + 3*r = 41*f - 844, -a*f - 3*r + 844 = 0. Is f a prime number?
True
Let h be (-2)/(-8)*-2*(0 + 0). Suppose h = -o + 270 + 316. Let d = o - 84. Is d prime?
False
Let a = 18 + -12. Is ((-3)/(a/(-8)) - 1) + 208 prime?
True
Suppose 0 = 2*o - 3*r + 87, -2*r = -4*o - 182 + 12. Is 25815/21 + 12/o a composite number?
False
Suppose 7*s = -17 + 52. Suppose 3*p = 2*m + 15319, 2*m - 6*m + 25539 = s*p. Is p composite?
False
Let r = 7745 - 2549. Let l = r + -2131. Is l composite?
True
Let a(y) = -9340*y + 1577. Is a(-9) a composite number?
True
Let w be 10 + (-7 + 5 - 5). Suppose 2*o + w*m - 4122 = 2342, 4*o + 4*m - 12924 = 0. Is o composite?
False
Suppose 5*a - y - y - 6 = 0, -y = -2*a + 3. Let i(f) = 8*f + 753. Let x(c) = -5*c - 754. Let o(v) = -4*i(v) - 5*x(v). Is o(a) composite?
True
Let r(l) = l**2 + 11*l + 25. Suppose -40 = -k - 28. Suppose 5*b - h = -49 - k, 2*h - 2 = 0. Is r(b) a composite number?
False
Suppose -19 = -p - 3*v, v = -4*p - 3*v + 36. Let h be 14/(-5)*(-10)/p. Suppose -44 = 5*w - h*w. Is w prime?
False
Suppose 21405*u + 237496 = 21413*u. Is u a composite number?
True
Suppose 8*c - 15*c + 42 = 0. Is (3321 + c)*(-2)/(-6) a prime number?
True
Suppose 0 = 45*w + 4*w - 4737654 - 124273. Is w a composite number?
False
Suppose -5*h - 65*q + 298477 = -64*q, -10 = -5*q. Is h composite?
True
Let n(p) = 964*p + 171. Let s(m) = 2*m**2 - 10*m + 16. Let o be s(0). Is n(o) composite?
True
Let q be 36/42*(-2*1 + 9). Suppose 5842 + 200 = q*t. Is t prime?
False
Suppose 0 = -2*h - 3*o + 46, -3*o - 14 = -5*h + 80. Let n = h - 18. Suppose 3*d - 8540 = n*u + 3*u, -4*d - 5*u = -11375. Is d a composite number?
True
Suppose 6*i - 31 - 47 = 0. Suppose -k = -i*k + 40524. Is k prime?
False
Let w = -16 + 14. Let u be -2*(-3)/w + 9. Is 10008/20*1 + u/10 a composite number?
True
Suppose 4*b - 2*b + 8 = 0. Let g(t) = t**2 + t. Let u be g(b). Is 2504/u - 3/(-9) prime?
False
Suppose 3*h + 4*l - 386151 = 3*l, h + l = 128717. Is h a prime number?
True
Let g(w) = -w**3 - 9*w**2 - 9*w - 1. Let u be g(-8). Let v be u/((-49)/(-2)) - (-4)/(-14). Suppose v = -2*a + 14 + 38. Is a a prime number?
False
Let j be 1250 - (4 + -11 + 9). Suppose -3*w + 1789 = v - j, -3*v - w = -9111. Is v a composite number?
False
Let x = -92602 + 157475. Is x composite?
True
Let u(t) = 356*t - 10. Suppose 3*n + 10 = 5*h + 2, 0 = -h + 3*n - 8. Let l(m) = 355*m - 10. Let o(j) = h*u(j) - 3*l(j). Is o(3) a prime number?
False
Let y = 1 - -7. Let l be 30/36*-3*y/(-5). Suppose -l*q - 687 = -3959. Is q a composite number?
True
Let j = -119 + 119. Suppose -4*z + 3000 + 5972 = j. Is z prime?
True
Let x be 1518/12*(-4 - (-18 - -4)). Suppose -x = -2*l + 489. Is l composite?
False
Let d = -55330 + 116815. Suppose 17*g + d = 22*g. Is g a prime number?
False
Is ((16681380/50)/6)/((-3)/(-15)) composite?
True
Let t = 150 + -146. Suppose 0 = 2*h + t*v - 18930, 2*v - 47353 = -5*h + 6*v. Is h prime?
False
Suppose 4*s + 2*j = 5*j + 20, 0 = s - 3*j - 5. Let u be 22*-11*(s - 4). Let a = u - -408. Is a a prime number?
False
Let r = -156 - -155. Is 2 + 0 + 1951 + -3 + r a prime number?
True
Suppose 0 = -3*a - 2*z + 56, 0 = 3*a + 10*z - 5*z - 50. Let c(b) = 67*b**2 + 36*b - 143. Is c(a) composite?
True
Suppose 3*f - 24*f + 15598365 = -6*f. Is f composite?
False
Suppose 13 = -11*h - 2*h. Let w be (-4 + -1)*(2 - (h - -4)). Suppose j - 6*z - 3029 = -2*z, -w*j + z + 15088 = 0. Is j composite?
True
Let b be -2 + -15 + 8/2. Let i = 32 - b. Is 10/i*-2973*(-3)/2 a prime number?
True
Is 4 + (-10 - -25) + 23644 composite?
False
Suppose 0 = 2*p - 3 + 9. Let n be (-56)/(-84)*(-19854)/(p - -1). Let u = n + -3475. Is u composite?
True
Let z = -240721 + 343636. Suppose -17*w + z = -2*w. Is w prime?
False
Let o be (-10)/(-4)*(-10)/(-25). Suppose 2*v - o = 3*z, 6*v = 5*v - 4*z + 17. Suppose -i - 4*i - v*x + 27305 = 0, i - 5453 = 3*x. Is i a prime number?
False
Let a be 4124 - 3/((-6)/(-4)). Let x = a - 900. Is (-12)/(-18)*x/4 a composite number?
True
Let d be (-1 + (-103)/3)/((-194)/62565). Suppose 0 = 4*v + 5*a - 15152, -2*v + 5*v - d = 4*a. Is v a prime number?
True
Let g be (-3 + (-3)/(-2))*(-40)/15. Suppose -g*v + 5955 = -7857. Is v a prime number?
False
Let h be ((-24)/(-36))/((-1)/(3/(-1))). Let k(l) = 4*l**3 - l**2 - 5*l + 73. Let c(j) = -j**3 + 2*j - 24. Let i(v) = h*k(v) + 7*c(v). Is i(7) composite?
False
Let x = -581 + 27060. Is x composite?
False
Suppose -47*m + 52*m - 30 = 0. Suppose 0 = -m*s + 8*s - 2*r - 1570, -s = -4*r - 785. Is s a prime number?
False
Let l = -4894 - -10434. Suppose -32*x + l = -22*x. Is x a prime number?
False
Suppose -8 = 4*w - 20. Suppose -3*q - 4*l = -2*l - 6, 0 = -2*q - w*l - 1. Suppose -q*t + 2297 + 267 = 0. Is t composite?
False
Suppose -11400800 - 27164535 = -115*x - 10780300. Is x composite?
True
Suppose s + 7114 = -10309. Let m = s - -51978. Is m composite?
True
Let g = -2213 - -1114. Let o be 80*-6*(-9)/(-6). Let a = o - g. Is a composite?
False
Is (-4 + (-2 - -8))/(50/1994975) prime?
False
Let c(u) = -5*u**3 + 9*u**2 + 11*u - 10. Let b be c(10). Let g be (15/(-30))/(2/b). Suppose g = 2*v + 3*f - 4*f, 2*v + 5*f = 988. Is v composite?
False
Suppose 0 = 3*j + 3*j + j. Suppose 6*n - 2*n + 4*g - 1448 = j, 4*n - 1443 = -3*g. Suppose -20*d + 13*d + n = 0. Is d composite?
True
Let d(i) = 644*i**2 - 97*i - 127. Is d(-16) composite?
False
Let y = -82 - -139. Let v(q) = -4*q + 22. Let p be v(-10). Let r = p + y. Is r composite?
True
Suppose -96 = -53*k + 41*k. Suppose 0 = -k*u + 5714 + 16982. Is u a prime number?
True
Let w be (-1430)/4*16/5. Let o = 5197 + -3466. Let j = o + w. Is j a prime number?
True
Suppose -43*t = -2*t - 1713923. Is t prime?
False
Suppose 107*j - 100*j = -84. Is -1*4/(j/1623) a composite number?
False
Suppose 1281680 = 26*t - 31*t. Let h = t + 110086. Is 6/(-14) + h/(-63) a prime number?
False
Let l be -1*(-4 + 3) - 114044/(-7). Suppose -12803 = -8*q + l. Is q a prime number?
True
Let m = -391 - -393. Is 5/(-1) - (-4932)/m composite?
True
Let m = -102 + 107. Suppose 0 = -3*d + 4*i + 14 - 2, m*i + 15 = 0. Suppose -4*r = -d*q - q - 3288, 5*r - 2*q = 4113. Is r a prime number?
True
Let j(a) = -2295*a - 1372. Is j(-9) prime?
False
Suppose -f = -4*w + 61, -9*w + 60 = -4*w + 2*f. Suppose -12*n - 5528 = -w*n. Suppose -21*o - n = -25*o. Is o a composite number?
False
Suppose -5*u - 476 = -2*g + 3124, -1794 = -g + 4*u. Let x = g - 945. Is x a prime number?
False
Let q(d) = -4*d**3 - 3*d**2 + 3*d + 5. L